2
What is the value of (7 - (-2 - -8)) + 18 + (-2 - (5 - 15))?
27
Evaluate 1684 + -1790 + (1 - 0).
-105
Evaluate (11 - (-14 + 2 + 11 + -19)) + -5.
26
Evaluate 197 + -193 - (10 - (1 - ((6 - 3) + -2))).
-6
-14 - (-32 - (-10 - 24)) - 13
-29
9 + (-15 - 5 - -8 - (0 - 4)) - -52
53
What is the value of 1 + -20 + 40 + -4 + -37 - 8?
-28
What is the value of (4 - 0) + (-8 - 0) + 2 - (18 + -19)?
-1
0 + -2 - 14 - (96 - (-12 - -120))
-4
What is (-13 - -1) + -58 + (-7 - -79)?
2
What is the value of 52 + -2 - (43 - 33 - (18 + -10))?
48
Evaluate (-18 - (18 + 22 - 25)) + (-17 - 0).
-50
33 + 46 + -15 + -41
23
What is -37 + (1 - 5) + (354 - 345)?
-32
Calculate 38 + -10 - (42 + -14 - 8).
8
What is -70 - (47 + -196 + 85)?
-6
What is the value of -1 + -12 + 10 + 18 + -13 + 0 + -39?
-37
What is the value of 13 + -2 + -6 + 59 - (-16 + 0)?
80
What is the value of (-6 - 7) + (-9 - 5) + -3?
-30
(-32 - (-172 + 16 - -16)) + 2
110
What is (-61 - (32 - 80)) + (0 + 15 - 0)?
2
-37 + 62 + 47 + -143
-71
Evaluate 5 - -1 - (-31 - -33) - (-380 - -383).
1
(-1 - -3) + (13 + (5 - 43) - -12)
-11
Evaluate 2 - (-30 - (-44 + 17) - (2 + (2 - -52))).
61
Evaluate 26 + -26 + (-9 - -31 - 7).
15
What is 7 + (14 - 28) + 16?
9
What is 64 - (-3 + (1 + 9 - (38 - (29 - -7))))?
59
What is the value of (25 + (-27 - -36) - 42) + (0 - (35 + -3))?
-40
Calculate -3 + (-72 + 47 - -7).
-21
13 + 3 + -12 + 5 - (4 - (0 - -3))
8
Evaluate (-53 - (12 + -22)) + 47 + 83.
87
Calculate -1502 - -1516 - (1 - 11).
24
Evaluate 777 - 738 - (3 - 0).
36
-4 - (-1 - (11 + -9)) - 11 - (22 + -16)
-18
What is 3 + (-62 - -38) - (3 - 85)?
61
Evaluate (18 - (-4 + 6 + 27 + -31)) + 0 + 1.
21
Evaluate -7 + (3 - (17 - -10)) - (7 - 19).
-19
Calculate ((-17 - -4) + 15 + -8 + 1 - -20) + -21.
-6
What is (84 - (-104 - -90)) + -185?
-87
-34 + 60 + (9 - -3 - (0 + 1 + -1))
38
What is the value of -105 + 96 + 39 + -2 + (2 - -2)?
32
-25 + (-11 - -7) - -18
-11
-5 + (17 - 6) + 17 + -34
-11
Evaluate -73 - ((1 - 1) + (24 - (61 - 32)) - -18).
-86
What is (0 - 1) + 11 + 1 + -27 + -1234 + 1198?
-52
1 + -96 + (123 + -293 - -197)
-68
What is the value of 8 + 0 + 28 + -11 + -5 + -11 + -27?
-18
What is (46 - 69 - -21) + (-7 - 121 - 10)?
-140
Calculate (-53 - -64) + 39 - 29.
21
What is (4 - (0 + -8 + 21 - 7)) + (32 - 2)?
28
(1 - 13) + (-4 - ((-35 - 12) + -6))
37
(-34 - -2) + (-12 - (-19 + -9)) - -68
52
72 + 64 + (-250 - -128)
14
What is the value of -891 - -832 - (-105 - 1)?
47
What is (-21 - -12) + -2 + -25 + 31 + -34?
-39
(-367 + 368 - (0 - -1)) + -2 + 13 - -62
73
Evaluate -1942 + 1962 + 3 + (0 - 1).
22
Evaluate (-37 - -113 - 45) + -15.
16
Calculate -9 + (35 + -49 - ((23 - -1) + -4)).
-43
What is the value of 12 + -7 + (-5 - -60 - -30)?
90
Calculate -61 + -9 - -54 - 46.
-62
What is -11 - (-3 + -1 + (66 - 60) + (-4 - -7))?
-16
What is -17 + 7 + (-12 - -48) - -13?
39
Calculate (68 - -5) + (29 + (-28 - -11) - 13).
72
What is the value of (1525 - 1532) + 19 + (0 - -1)?
13
-46 + -4 + -5 + 114
59
55 + -50 + 59 + -9
55
Evaluate -19 + 14 - (53 - 83 - (10 + -2 - -1)).
34
Calculate (-106 + 231 - -11) + -48.
88
70 - -106 - 102 - -47
121
83 - (-81 + 210 + -75)
29
What is (42 - 20) + 14 + -23 + (0 - -2)?
15
What is the value of -30 + 76 + -61 + 0 + -27?
-42
-36 - ((-11 + 28 - 12) + -10 + 16 + 2)
-49
What is the value of -18 - (8 + -59) - 11?
22
What is the value of 45 + -99 + 41 + (38 - (-7 + 3))?
29
Calculate 101 + -41 - (3 - -10).
47
What is the value of -2 - -1 - -19 - (89 + (-262 - -105))?
86
Evaluate 3 + 28 + -16 - (-5 + -4 - 33).
57
(-5 + -11 + -2 - -1) + 3 - -85
71
What is -45 + -2 + (107 - 115) - (-8 - 7)?
-40
27 - (8 + 0 - 0 - (-1676 - -1693))
36
What is -8 - -29 - (-397 + 401)?
17
Calculate 12 + 25 - 29 - (13 + -13 - -7).
1
What is (2 - 11) + -2 + (23 + 4 - 1)?
15
What is the value of (4 - (0 - -2) - 127) + 21062 + -21063?
-126
What is 52 - 174 - -61 - ((-1 - -3) + 15)?
-78
Calculate -26 + (2 - (6 + 7)) + 2 - -2.
-33
-41 + (48 - (29 + -70 + 0))
48
-1 + -75 + 83 + (5 + (-2 - 1) - 36)
-27
What is -274 + 316 - (-41 - -14)?
69
-1 - -8 - (-3 - -1) - (123 + -104) - -60
50
Calculate (10 - -6 - 36) + (-1 - -54).
33
Calculate 85 - (26 + -50) - (-2 - -29).
82
What is 54 + -41 - (75 - 1) - -6 - -13?
-42
What is 3 + 36 + 698 + -757?
-20
What is (-38 - (-27 - 70)) + -50?
9
Calculate -15 - (-19 + 63 - 7).
-52
Evaluate -16 - -10 - -19 - 2 - 1.
10
Calculate 46 + -40 + -14 + 32 + -60.
-36
-1 + 31 - (-5 - 9 - ((9 - -16) + -38))
31
Calculate -33 + 3 + -10 + 40 + -6.
-6
Calculate (-5 - (-8 + (16 - 8))) + 51 + -3.
43
Evaluate (23 - (10 - 28)) + 4.
45
15 + (11 - (16 + 11 + -7 + -7))
13
Calculate 24 + 4 + 0 + -12 + 12 - 7.
21
What is -58 + 11 - 10 - ((-18 - -39) + -9)?
-69
12 - (-1 - 25 - (545 - 570))
13
Calculate ((10 - 0) + 2 - (30 + -8)) + -7 + 14.
-3
What is (11 - -4) + -59 + 99 + -53?
2
What is the value of 41 - ((-8 - 1) + 1 - (-23 + (-11 - -19)))?
34
What is (55 - (4 - 9)) + 13 + -2 + -1 + -10?
60
Calculate 9 + (-38 + 90 - 34).
27
What is 94 - -4 - (2214 - 2200)?
84
Evaluate (231 - 162) + (6 - 29).
46
What is the value of 31 + -190 + 106 + 34?
-19
What is the value of 45 + -98 + -120 + 323?
150
1 + 8 + 1 - (-20794 + 20813)
-9
What is -2 + -11 + (-322 - -352)?
17
What is the value of 9 + -5 + 28 + -35 + -74?
-77
Evaluate (33 - -14 - 66) + 4.
-15
Evaluate (-1 - (-6 + 7 + -17)) + -7.
8
Calculate 44 - 40 - (((-12 - -8) + 4 - 1) + -6).
11
Evaluate 27 + 24 - (54 + -27).
24
-18 + 30 + -61 - 5
-54
(2 - -136 - (-41 - -69 - 16)) + 7 + -4
129
296 + -293 + 2 + 7 + (2 - 24) - 30
-40
(2 - 19 - (-1 - 9 - (520 - 527))) + 59
45
What is (-5 - -4) + -87 - (-62 + 47 + -4)?
-69
Evaluate 5 + 11 + -1 + (0 - 0 - (-6 + -9)).
30
Evaluate -41 + 44 - 17 - -48.
34
What is the value of 31 + 26 + -19 + 15 + 27?
80
15 + ((-25 - -19) + 16 - 29)
-4
What is the value of (-2 - (14 - -4) - (-258 - -239)) + 150?
149
Calculate (-10 - (-74 - -57)) + -38.
-31
-20 + -42 + 72 - 14
-4
8 + (32 + 2 - (17 + -3 + -3))
31
Calculate -41 - (-4 - 5) - -39.
7
Evaluate -60 - (-85 + 95 + -5 - (-1 + 1)).
-65
Evaluate 175 + -3 - (-136 - -246).
62
What is 15 + (48 - (23 - 10) - 22)?
28
(-27 - -13) + 7 + -40 - (-11 - 3)
-33
Calculate (-10 - -1) + 59 + 7 + (3 - (14 + -2)).
48
Calculate 110 - (13 - (-22 + 40 + -25)).
90
Calculate 1 + -10 + -1 + (0 - 4) + -222 + 135.
-101
-14 + -3 + -11 + (-312 - -244)
-96
What is the value of -44 - (2 + -2) - (95 + -83 - 12)?
-44
What is -6 + -2 + 14 - (-5 - (-6 - -4) - 8)?
17
Evaluate 53 + -1 + 20 + -9 + (2 - 20).
45
What is the value of 14862 + -14899 - (1 - 49)?
11
Calculate (2 - 1) + -7 + 19 + -13 + -21.
-21
What is the value of 14 + -5 + (-106 + 122 + -12 + 2 - 23)?
-8
What is -19 - ((2 - 26) + 5) - -16?
16
What is the value of (9 - (-81 + (-30 - -102))) + (-1 - -98)?
115
0 - ((-3 - -2) + (23 - 30) + -5 - -10)
3
What is the value of -19 + -17 - (16 - 55) - -27?
30
What is 1 + 179 + -27932 + 27810?
58
Evaluate 45 + -18 + -5 + -34.
-12
Evaluate 4 + (0 - -28 - 0 - (-2984 + 2974)).
42
What is 1 - -34 - (34242 - 34339)?
132
Calculate -92 - (-209 - (81 - 191)).
7
What is (-17 + 2 - -44) + 4 + (-1 - 10)?
22
Calculate -22 + (-12 - -30) + 27 - 0.
23
Calculate -19 + -1 + -183 + 286 + -107.
-24
Calculate -7 - (37 + (-20 - 30 - -27)).
-21
What is the value of 9 - (-118 + 38 + (22 - 58))?
125
Evaluate 26 + -2 + -15 - (25 - -9).
-25
Evaluate (1997 - 1987) + (1 + -1 - (2 + -9)).
17
Evaluate 84 + 12 + (-38 + 82 - 54).
86
What is 220 + -172 + -24 + 0?
24
-15 - -2 - (22 + (-14 + -1 - (-52 + -18)))
-90
What is 321 + -304 + -1 + -21 + -32?
-37
(15 - ((-11 - 7) + 16)) + (3 - -8)
28
Calculate (51 + (-14 - -33) - -28) + -7 + 2.
93
Calculate -25 + (-134 - -20) + 71.
-68
(-44 + 99 + (-5 - -1) - 2) + 0 + -3
46
(2 - -60) + -79 + (2 - -1) + 2
-12
(3 - (-2 + 2)) + 62 + -134 + 85
16
Calculate -90 - (-23 + -23) - -9.
-35
What is 8 + (17 - 53) + 19 - (-1 + 9 + 0)?
-17
What is 7 + -14 + 21 - (-2 + 34)?
-18
11 + 1 + 2 + (44 - (83 - 35))
10
What is the value of -65 - ((2 + -20 - -2) + (-17 - -12) - -11)?
-55
Calculate (-8 - -19) + 1 + (1 - 1) - -27.
39
Evaluate 383 + -147 - 138 - 26.
72
Evaluate 16 + -1 + -90 + 17 - -14.
-44
What is -38 + 28 + 19 - 35?
-26
What is the value of -4 + -4 - 1 - (-278 - -265)?
4
Evaluate -2 + (0 - -111) + (-60 - -123) + -67.
105
-29 - (-21 - -16) - (-13 + 17)
-28
Evaluate -34 + (21 - ((-9 - -19)